- (-4 + -4 + 11)))
-9
Calculate 1 + (220 + -175 - (-13 - 2 - -2)).
59
Calculate (-49 - 8 - -24 - -18) + -29.
-44
Calculate -31 - (-56 - (36 - 75)).
-14
-29 + -45 + -11 + -10
-95
What is the value of -88 - -36 - -34 - -37?
19
What is the value of 17 + 8 + -14 + -156 + 213?
68
85 + 5 + (-18 - -8) + 2 + -12
70
(17 - -6) + (23 - 51) - 38
-43
What is the value of 13 + 127 + -153 + 4 + 0 + 12?
3
What is the value of (23 + -13 - 15) + (-53 - -9) + 2?
-47
Calculate -57 + (26 - -154) + -203.
-80
Calculate (74 - (8 + -15)) + (6 + -8 + -8 - -7).
78
-16 + (-1 - -2) + -3 - 23
-41
Evaluate 15 - (12 + -5 - -5) - (12 + -3) - -16.
10
What is -22 - 28 - (-13 - -7 - (-6 + 0 + 2))?
-48
What is the value of -23 + 2 - (-29 + 38 + -21) - -16?
7
Calculate -27 + -3 + (-6 - -9) - (-2 + 6).
-31
What is the value of (13 - (2 - 2) - (8 - -12)) + 71?
64
-5 + -8 + 5 + -88 + 563 + -573
-106
What is -2 + 1 + 5 - (-46749 - -46691)?
62
What is (40 - 106) + 57 + 49?
40
What is the value of 159 - ((8 - -50) + -53)?
154
What is 6058 + -6069 - (1 + 20)?
-32
Calculate (12 + -5 - -112) + -48 + 20 + 40.
131
Evaluate -128 + (117 - 135) + 112.
-34
Evaluate 165 + (-8 + -5 - (50 - 54) - 3).
153
Calculate (1 - 5) + 22 + -1 - (-574 + 572).
19
What is 51 - (6 + 7 - 7 - -1 - (-6 + 4))?
42
What is the value of 20 + -30 + -106 + 44 + -25?
-97
Evaluate -6 - -14 - 4 - (45 + -39).
-2
-131 - ((-18 - 65) + -143)
95
1008 - 998 - (20 + (-3 - (-2 - 0))) - -22
13
Calculate -4 - -3 - 4 - (35 + (10 - 51)).
1
Calculate 16 + -40 - ((4 - 64) + 22).
14
What is 26 - (1 + -7 + -84 + 89 + (5 - 5))?
27
What is ((25 - (-14 + 31)) + -2 - -7) + -11?
2
What is 13 + -7 + -10 + (-1 - -24) + (-33 - -37)?
23
What is 7 + (7 - -8) - (-132 - -152)?
2
Calculate 36 - (18 - (-21 + -14) - 23).
6
Evaluate (1 - -77) + (-31 - (57 - 43) - -42).
75
What is the value of -58 - -18 - (183 + -175)?
-48
Calculate (-2 - 64) + 14 + -69 + 41.
-80
Evaluate 568 + -570 - (-3 - (10 - -2)) - 56.
-43
Evaluate (12 - (25 + -44) - 21) + 53.
63
Calculate -68 - (-121 - -88) - -38.
3
Evaluate 3 - 0 - (-28 + (-17 - ((7 - 5) + -44))).
6
What is -20 + (11 - (-108 - -5)) - (-3 - -14)?
83
Calculate 8 + (12 + 0 + (-4 + 46 - 54) - 10).
-2
What is the value of -1 - 72 - (-119 - (63 - 155))?
-46
Calculate (-1 - (7 + -28 + 3)) + -5 + -75.
-63
-16118 + 16118 - (63 + 1)
-64
(2 - 19) + (395 - 35 - 207)
136
-9 + 73 + 8 + -32 + 14 + 2
56
Calculate 56 - (65 + (-139 - -66) - (1 - 19)).
46
Calculate (-24 - (-6 - -10)) + -6 - (177 - 175).
-36
What is (-1 - -1 - (-4 - -3)) + 58 + -3039 + 3026?
46
What is 13 - (-22 + 53 + -54)?
36
What is the value of 17 + (-15 - -2) + -1 + 71?
74
Evaluate -15 - (16 + 14) - -18.
-27
What is -787 + 761 + (-43 - (-6 + 6))?
-69
((0 - -17) + 11 - 17) + -24
-13
What is (-2 + 59 - -1) + 865 + -881?
42
0 - 28 - (1095 + -1125)
2
Evaluate (-2 - (2 + 4) - 54) + (-69 - -72).
-59
Evaluate (-44 - 2 - -57) + -29.
-18
Evaluate 40 + -2 - (67 - 47 - (21 - 5)).
34
Evaluate 64 + (-3 - -3) + (-2068 - -2067).
63
What is the value of 28 - (72 + -41) - (-6 + -66)?
69
Evaluate 50 + (11 + (-10 + 4 - 5) - -2).
52
Evaluate -38 - (29 + -89 - -24) - (2 - 4).
0
What is (20 - (14 - 37)) + -67?
-24
What is the value of 3 + -2 + -1 + 76 - (-212485 + 212481)?
80
What is -2 + (-16 - 2) + 0 + (-548 - -555)?
-13
Evaluate 0 + -92 + -227 + 164 + 75.
-80
Evaluate (8 + -1 - (55 + (-93 - -37))) + (-3 - 2).
3
12 + -27 + 35 - (-19 - (27 - -2))
68
What is the value of 32 - -1 - (-7 - (-6 - 10 - 18 - -25))?
31
What is (-1 - 120 - 0) + (116 - 87 - (-88 - -119))?
-123
Evaluate 10 + (-5 - -111) + -203.
-87
37 - (6 + -63 + 107)
-13
What is the value of (-28 - (58 + -54)) + (-2 - -7)?
-27
Evaluate (11 + -2 + 46 + -51 - 0) + -54 + 0.
-50
Evaluate 27 + (-13 - (57 + 3)) + 3 + -2.
-45
What is the value of -9 + (-10 - (-17 - (-36 - -17)))?
-21
Evaluate -52 - (27 - (44 + 18)).
-17
(1 - -4) + 25 + -35 - (24 - (-8 - 6))
-43
What is the value of 5517 + -5442 + (-149 - 2)?
-76
42 + -121 + 38 + 50
9
Calculate 16 + 1 - (2 + (13 + -45 - -26)).
21
Calculate -2 - 101 - (32 - (64 - (40 - 3))).
-108
What is -56 - (85 + (-210 - -94))?
-25
What is (-13 + 4 - 5) + (10 + 2 - 4) + -6?
-12
Evaluate (-64 - -80) + -10 - (3 - -2).
1
Calculate -2 + 0 - -45 - (-265 + 235).
73
Evaluate (-2693 - -2698) + -71 + -1.
-67
Evaluate 2 + -22 + -3 + -205 + 272.
44
-1 + -10 - (-2722 - -2742)
-31
What is 24 - (15 + (8 - 12)) - 17?
-4
Evaluate (29 - 27) + (18 - 21 - 9).
-10
What is -40 + 8 + (15 - -19)?
2
Evaluate 36 + -8 + 5 + (-1 - -6 - 1).
37
Evaluate -35 + (40 + 4 - 23).
-14
What is (28 + -3 - 5) + (34 - (-10 + 14))?
50
What is -5 + 0 + (23 + -8 - 2)?
8
81 - ((-28 - -43) + (11 - 0))
55
What is the value of -9 + (-18 + 36 - (4 + (-8 - -10)))?
3
What is the value of (-70 - -56) + -1 + -6 + 40?
19
Evaluate (2 - 8) + (-664 - -636) + 0 + 2 + 2.
-30
What is the value of 3 - (-11 + 4) - (-26 - (-164 - -77))?
-51
What is 101 + (-49 - ((-30 - -25) + -9))?
66
Calculate 2 - (-18 + (20 - 27) + 19).
8
Calculate -13 + 22 + 2 - (8 + -8 + 11).
0
What is the value of -8 + -1 + 82 + 3 + (-17 - -7)?
66
Evaluate 19 + (-11 - -11) + -13 + -22 - 75.
-91
-1983 + 2007 + (-90 - 5)
-71
What is -102 - (4 - ((1 - -6) + -22) - (-18 - -28))?
-111
(18 - 0) + -16 + (16 - 7) + -6 + -48
-43
36 - (-25 + 23) - (5 - 61)
94
Calculate -1 - -1 - (-36 - (-1 + -14 + (-628 - -663))).
56
Evaluate -51 + 78 + (7 - (5 + -2 - 8 - -10)).
29
What is the value of -11 + (-9 - -42 - 2)?
20
What is the value of (-14 - -16) + (-46 - -11 - -12)?
-21
55 + -61 + 3 + 24
21
-15 + (22 - (16 - 11)) - (-16 - -5)
13
Evaluate -4 + -40 + 53 + 1 + 4 + -13.
1
What is the value of -8 - -11 - 0 - (-233 - -300)?
-64
-44 - (-12 + -64 + 39)
-7
What is (-30 - (8 - (21 + -4))) + -36 - 19?
-76
What is -728 + 724 - (15 + 2 - (-3 - 0))?
-24
Evaluate 51 + (-7 - (-15 + 31)) + 12.
40
Evaluate -3 + (-1 - 0) + (-18 - 1) + 19.
-4
What is (2 - (94 + -6)) + (-56 - (-1 - 64))?
-77
Calculate -8 + 91 - 3 - (-58 + 65).
73
What is the value of 73 - ((1 + -13 + 3 - (1 - 20)) + -4)?
67
Calculate (-253 - -75) + -34 - -118.
-94
105 + -64 - (58 - 15)
-2
What is 19 - (-6 + -11 + 5 + -21)?
52
Calculate 8 - 0 - (-221 - -223) - -20.
26
Calculate (-4 + -58 - (-103 + 128)) + 5 + 20.
-62
Evaluate 5 + (-3 - -4 - (-20 - (-22 - 0))).
4
Evaluate 11 + (-23 - 7) - (-2 - -8).
-25
What is the value of -8525 - -8556 - (15 - 2)?
18
Calculate -15 - ((0 - (8 - 4)) + 23 + -6).
-28
What is the value of (-13 - (0 + 5 - 13) - -6) + 40 + 3?
44
Evaluate -46 + 15 + 2 + -4.
-33
What is the value of (13 - (29 + -4 - 26)) + 23?
37
What is (-129 - 130 - -137) + -1 + 2 + 1 + -1?
-121
What is (-6 + (29 - (16 - 14)) - 24) + (1 - -17)?
15
Evaluate 68 + 85 + -216 - -142.
79
What is the value of (-9 + -5 - 4) + (56 - (127 - 112))?
23
What is -1 + 1 + 22 + (-126 - -125)?
21
Evaluate -42 - (-20 + 3) - -60.
35
What is (58 - -1) + (-24 - -35 - 24)?
46
Calculate (-70 - -108 - 7) + -55.
-24
Calculate 11 - (16 + (-9 - (5 + -6))).
3
Evaluate -72 + -96 + 83 - (1 - 4 - 0).
-82
(-18 + (-6 - -13) + 63 - 13) + 14
53
Calculate 110 - 120 - (-33 + -2).
25
What is -29 + 71 + -27 + -22?
-7
Evaluate 22 + (5 - 2) - (-249 + 222).
52
Evaluate 80 + (48 - (-14 - -37)) + -23.
82
Evaluate (-48 - (6 - -75)) + 74 - (23 + -1).
-77
What is the value of -128 + (5 - -24) + 57?
-42
What is the value of 14 + 36 + 3 + -8 + -18?
27
Evaluate -15 + (7 + -17 + -13 - -21).
-17
What is -1649 + 1644 - (-1 + 1 - 0 - 2)?
-3
What is (3 - (-76 + 93 + -11 + -1)) + -5 + -7?
-14
Calculate 1 + 69 - (139 + (-196 - -85)).
42
What is 8 + (-38 - (-35 + 5) - -48)?
48
Evaluate -50 + 1 + -3364 + 3391.
-22
What is (-320 - -89 - -188) + 0 + 14?
-29
Calculate 0 + (-1 - -1) + 2 - (79 + 298 + -410).
35
What is the value of (-54 - 5) + (5 - 2 - (167 + -179))?
-44
What is (9 + -7 - -13) + 1099 + -1148?
-34
Evaluate 0 - -56 - (3131 + -3101).
26
What is the value of -11 - 1 - (-7 - 0 - (-239 - -233))?
-11
What is -44 + 39 + 7 + (-3 + (4 - -1) - -46)?
50
What is the value of -2424 + 2452 + -23 + 0?
5
What is the value of 1 + 2 + (-91 - -69) + -27?
-46
What is the value of 47 + -2 + 43 + -91?
-3
(-1 - 217) + (2669 - 2593)
-142
Evaluate -25 - (19 - (20 + -16)) - 2.
-42
Calculate 1 + (-4 - -7 - -5 - -1 - (-2 - 20)).
32
Evaluate 15 - (-13 - -62 - 18).
-16
What is the value of (-22 - (-111 + 116)) + 56?
29
What is -16 + 1